{"id":255,"date":"2025-12-02T12:20:37","date_gmt":"2025-12-02T15:20:37","guid":{"rendered":"https:\/\/an1-dev.com.br\/solucao\/?page_id=255"},"modified":"2026-02-12T16:49:09","modified_gmt":"2026-02-12T19:49:09","slug":"contato","status":"publish","type":"page","link":"https:\/\/an1-dev.com.br\/solucao\/contato\/","title":{"rendered":"CONTATO"},"content":{"rendered":"\t\t<div data-elementor-type=\"wp-page\" data-elementor-id=\"255\" class=\"elementor elementor-255\" data-elementor-post-type=\"page\">\n\t\t\t\t<div class=\"elementor-element elementor-element-b449b5f e-flex e-con-boxed e-con e-parent\" data-id=\"b449b5f\" data-element_type=\"container\" data-settings=\"{&quot;background_background&quot;:&quot;classic&quot;,&quot;jet_parallax_layout_list&quot;:[]}\">\n\t\t\t\t\t<div class=\"e-con-inner\">\n\t\t\t\t<div class=\"elementor-element elementor-element-e38097a elementor-widget__width-initial elementor-widget elementor-widget-text-editor\" data-id=\"e38097a\" data-element_type=\"widget\" data-widget_type=\"text-editor.default\">\n\t\t\t\t\t\t\t\t\t<p>Fale conosco<\/p>\t\t\t\t\t\t\t\t<\/div>\n\t\t\t\t<div class=\"elementor-element elementor-element-3b182bd elementor-widget__width-initial elementor-widget elementor-widget-text-editor\" data-id=\"3b182bd\" data-element_type=\"widget\" data-widget_type=\"text-editor.default\">\n\t\t\t\t\t\t\t\t\t<p>Entre em contato com a nossa equipe.\u2028 Sua mensagem \u00e9 importante para n\u00f3s, conte com um atendimento r\u00e1pido, claro e dedicado para o que voc\u00ea precisar.<\/p>\t\t\t\t\t\t\t\t<\/div>\n\t\t\t\t\t<\/div>\n\t\t\t\t<\/div>\n\t\t<div class=\"elementor-element elementor-element-fcbf272 e-flex e-con-boxed e-con e-parent\" data-id=\"fcbf272\" data-element_type=\"container\" data-settings=\"{&quot;jet_parallax_layout_list&quot;:[]}\">\n\t\t\t\t\t<div class=\"e-con-inner\">\n\t\t\t\t<div class=\"elementor-element elementor-element-72aad47 elementor-widget__width-initial elementor-widget elementor-widget-text-editor\" data-id=\"72aad47\" data-element_type=\"widget\" data-widget_type=\"text-editor.default\">\n\t\t\t\t\t\t\t\t\t<p>Preencha seus dados no formul\u00e1rio abaixo e entre em contato conosco!<\/p>\t\t\t\t\t\t\t\t<\/div>\n\t\t\t\t<div class=\"elementor-element elementor-element-957512a elementor-widget__width-initial elementor-widget elementor-widget-text-editor\" data-id=\"957512a\" data-element_type=\"widget\" data-widget_type=\"text-editor.default\">\n\t\t\t\t\t\t\t\t\t<p>Seja para tirar d\u00favidas, enviar sugest\u00f5es ou solicitar suporte, nossa equipe est\u00e1 pronta para atender voc\u00ea com rapidez e efici\u00eancia.<\/p>\t\t\t\t\t\t\t\t<\/div>\n\t\t\t\t<div class=\"elementor-element elementor-element-02cbde3 elementor-button-align-center elementor-widget__width-initial elementor-widget elementor-widget-form\" data-id=\"02cbde3\" data-element_type=\"widget\" data-settings=\"{&quot;step_next_label&quot;:&quot;Pr\\u00f3ximo&quot;,&quot;step_previous_label&quot;:&quot;Anterior&quot;,&quot;button_width&quot;:&quot;100&quot;,&quot;step_type&quot;:&quot;number_text&quot;,&quot;step_icon_shape&quot;:&quot;circle&quot;}\" data-widget_type=\"form.default\">\n\t\t\t\t\t\t\t<form class=\"elementor-form\" method=\"post\" name=\"Novo formul\u00e1rio\" aria-label=\"Novo formul\u00e1rio\">\n\t\t\t<input type=\"hidden\" name=\"post_id\" value=\"255\"\/>\n\t\t\t<input type=\"hidden\" name=\"form_id\" value=\"02cbde3\"\/>\n\t\t\t<input type=\"hidden\" name=\"referer_title\" value=\"CONTATO\" \/>\n\n\t\t\t\t\t\t\t<input type=\"hidden\" name=\"queried_id\" value=\"255\"\/>\n\t\t\t\n\t\t\t<div class=\"elementor-form-fields-wrapper elementor-labels-above\">\n\t\t\t\t\t\t\t\t<div class=\"elementor-field-type-text elementor-field-group elementor-column elementor-field-group-name elementor-col-50\">\n\t\t\t\t\t\t\t\t\t\t\t\t\t<input size=\"1\" type=\"text\" name=\"form_fields[name]\" id=\"form-field-name\" class=\"elementor-field elementor-size-sm  elementor-field-textual\" placeholder=\"Nome completo\">\n\t\t\t\t\t\t\t\t\t\t\t<\/div>\n\t\t\t\t\t\t\t\t<div class=\"elementor-field-type-email elementor-field-group elementor-column elementor-field-group-email elementor-col-50 elementor-field-required\">\n\t\t\t\t\t\t\t\t\t\t\t\t\t<input size=\"1\" type=\"email\" name=\"form_fields[email]\" id=\"form-field-email\" class=\"elementor-field elementor-size-sm  elementor-field-textual\" placeholder=\"E-mail\" required=\"required\">\n\t\t\t\t\t\t\t\t\t\t\t<\/div>\n\t\t\t\t\t\t\t\t<div class=\"elementor-field-type-tel elementor-field-group elementor-column elementor-field-group-field_e3de06c elementor-col-50\">\n\t\t\t\t\t\t\t<input size=\"1\" type=\"tel\" name=\"form_fields[field_e3de06c]\" id=\"form-field-field_e3de06c\" class=\"elementor-field elementor-size-sm  elementor-field-textual\" placeholder=\"Telefone\" pattern=\"[0-9()#&amp;+*-=.]+\" title=\"Apenas n\u00fameros e caracteres de telefone (#, -, *, etc.) s\u00e3o aceitos.\">\n\n\t\t\t\t\t\t<\/div>\n\t\t\t\t\t\t\t\t<div class=\"elementor-field-type-text elementor-field-group elementor-column elementor-field-group-field_ad830ef elementor-col-50\">\n\t\t\t\t\t\t\t\t\t\t\t\t\t<input size=\"1\" type=\"text\" name=\"form_fields[field_ad830ef]\" id=\"form-field-field_ad830ef\" class=\"elementor-field elementor-size-sm  elementor-field-textual\" placeholder=\"Cidade\">\n\t\t\t\t\t\t\t\t\t\t\t<\/div>\n\t\t\t\t\t\t\t\t<div class=\"elementor-field-type-text elementor-field-group elementor-column elementor-field-group-field_29a5b9e elementor-col-50\">\n\t\t\t\t\t\t\t\t\t\t\t\t\t<input size=\"1\" type=\"text\" name=\"form_fields[field_29a5b9e]\" id=\"form-field-field_29a5b9e\" class=\"elementor-field elementor-size-sm  elementor-field-textual\" placeholder=\"Empresa\">\n\t\t\t\t\t\t\t\t\t\t\t<\/div>\n\t\t\t\t\t\t\t\t<div class=\"elementor-field-type-select elementor-field-group elementor-column elementor-field-group-field_8f544f1 elementor-col-50\">\n\t\t\t\t\t\t\t<div class=\"elementor-field elementor-select-wrapper remove-before \">\n\t\t\t<div class=\"select-caret-down-wrapper\">\n\t\t\t\t<svg aria-hidden=\"true\" class=\"e-font-icon-svg e-eicon-caret-down\" viewBox=\"0 0 571.4 571.4\" xmlns=\"http:\/\/www.w3.org\/2000\/svg\"><path d=\"M571 393Q571 407 561 418L311 668Q300 679 286 679T261 668L11 418Q0 407 0 393T11 368 36 357H536Q550 357 561 368T571 393Z\"><\/path><\/svg>\t\t\t<\/div>\n\t\t\t<select name=\"form_fields[field_8f544f1]\" id=\"form-field-field_8f544f1\" class=\"elementor-field-textual elementor-size-sm\">\n\t\t\t\t\t\t\t\t\t<option value=\"Segmento\">Segmento<\/option>\n\t\t\t\t\t\t\t\t\t<option value=\"Ind\u00fastria\">Ind\u00fastria<\/option>\n\t\t\t\t\t\t\t\t\t<option value=\"Distribuidora\">Distribuidora<\/option>\n\t\t\t\t\t\t\t\t\t<option value=\"Com\u00e9rcio\">Com\u00e9rcio<\/option>\n\t\t\t\t\t\t\t\t\t<option value=\"Servi\u00e7os\">Servi\u00e7os<\/option>\n\t\t\t\t\t\t\t\t\t<option value=\"\"><\/option>\n\t\t\t\t\t\t\t<\/select>\n\t\t<\/div>\n\t\t\t\t\t\t<\/div>\n\t\t\t\t\t\t\t\t<div class=\"elementor-field-type-textarea elementor-field-group elementor-column elementor-field-group-message elementor-col-100\">\n\t\t\t\t\t<textarea class=\"elementor-field-textual elementor-field  elementor-size-sm\" name=\"form_fields[message]\" id=\"form-field-message\" rows=\"4\" placeholder=\"Mensagem\"><\/textarea>\t\t\t\t<\/div>\n\t\t\t\t\t\t\t\t<div class=\"elementor-field-group elementor-column elementor-field-type-submit elementor-col-100 e-form__buttons\">\n\t\t\t\t\t<button class=\"elementor-button elementor-size-sm elementor-animation-grow\" type=\"submit\">\n\t\t\t\t\t\t<span class=\"elementor-button-content-wrapper\">\n\t\t\t\t\t\t\t\t\t\t\t\t\t\t\t\t\t\t\t\t\t\t<span class=\"elementor-button-text\">Enviar<\/span>\n\t\t\t\t\t\t\t\t\t\t\t\t\t<\/span>\n\t\t\t\t\t<\/button>\n\t\t\t\t<\/div>\n\t\t\t<\/div>\n\t\t<\/form>\n\t\t\t\t\t\t<\/div>\n\t\t\t\t<div class=\"elementor-element elementor-element-c9c25f5 elementor-widget elementor-widget-html\" data-id=\"c9c25f5\" data-element_type=\"widget\" data-widget_type=\"html.default\">\n\t\t\t\t\t<script>\ndocument.addEventListener(\"DOMContentLoaded\", function () {\n    const select = document.querySelector('#form-field-field_8f544f1');\n\n    if (select) {\n        const firstOption = select.querySelector('option');\n\n        \/\/ Define como placeholder\n        firstOption.disabled = true;\n        firstOption.selected = true;\n        firstOption.value = \"\";\n\n        \/\/ Garante que o usu\u00e1rio n\u00e3o consiga reenviar com o placeholder\n        select.addEventListener('change', function () {\n            if (this.value === \"\") {\n                this.setCustomValidity(\"Selecione um segmento v\u00e1lido\");\n            } else {\n                this.setCustomValidity(\"\");\n            }\n        });\n    }\n});\n<\/script>\n\t\t\t\t<\/div>\n\t\t\t\t\t<\/div>\n\t\t\t\t<\/div>\n\t\t<div class=\"elementor-element elementor-element-039fa6b e-flex e-con-boxed e-con e-parent\" data-id=\"039fa6b\" data-element_type=\"container\" data-settings=\"{&quot;jet_parallax_layout_list&quot;:[]}\">\n\t\t\t\t\t<div class=\"e-con-inner\">\n\t\t\t\t<div class=\"elementor-element elementor-element-9f98028 elementor-widget elementor-widget-google_maps\" data-id=\"9f98028\" data-element_type=\"widget\" data-widget_type=\"google_maps.default\">\n\t\t\t\t\t\t\t<div class=\"elementor-custom-embed\">\n\t\t\t<iframe loading=\"lazy\"\n\t\t\t\t\tsrc=\"https:\/\/maps.google.com\/maps?q=Av.%20Flores%20da%20Cunha%2C%202455%20-%20P%C3%A1dua%2C%20Carazinho%2FRS%20%7C%20CEP%2099500-000&#038;t=m&#038;z=15&#038;output=embed&#038;iwloc=near\"\n\t\t\t\t\ttitle=\"Av. Flores da Cunha, 2455 - P\u00e1dua, Carazinho\/RS | CEP 99500-000\"\n\t\t\t\t\taria-label=\"Av. Flores da Cunha, 2455 - P\u00e1dua, Carazinho\/RS | CEP 99500-000\"\n\t\t\t><\/iframe>\n\t\t<\/div>\n\t\t\t\t\t\t<\/div>\n\t\t\t\t\t<\/div>\n\t\t\t\t<\/div>\n\t\t<div class=\"elementor-element elementor-element-d493b5d e-flex e-con-boxed e-con e-parent\" data-id=\"d493b5d\" data-element_type=\"container\" data-settings=\"{&quot;jet_parallax_layout_list&quot;:[]}\">\n\t\t\t\t\t<div class=\"e-con-inner\">\n\t\t<div class=\"elementor-element elementor-element-8688a4d e-grid e-con-full e-con e-child\" data-id=\"8688a4d\" data-element_type=\"container\" data-settings=\"{&quot;jet_parallax_layout_list&quot;:[]}\">\n\t\t<div class=\"elementor-element elementor-element-f8683f4 e-con-full e-flex e-con e-child\" data-id=\"f8683f4\" data-element_type=\"container\" data-settings=\"{&quot;jet_parallax_layout_list&quot;:[]}\">\n\t\t\t\t<div class=\"elementor-element elementor-element-da13a79 elementor-widget__width-initial elementor-widget elementor-widget-text-editor\" data-id=\"da13a79\" data-element_type=\"widget\" data-widget_type=\"text-editor.default\">\n\t\t\t\t\t\t\t\t\t<p>Atendimento<\/p>\t\t\t\t\t\t\t\t<\/div>\n\t\t\t\t<div class=\"elementor-element elementor-element-9ecca3a elementor-widget__width-initial elementor-widget elementor-widget-text-editor\" data-id=\"9ecca3a\" data-element_type=\"widget\" data-widget_type=\"text-editor.default\">\n\t\t\t\t\t\t\t\t\t<p>Segunda a sexta-feira<br \/>8h \u00e0s 12h | 13h30 \u00e0s 18h<\/p>\t\t\t\t\t\t\t\t<\/div>\n\t\t\t\t<\/div>\n\t\t<div class=\"elementor-element elementor-element-4432734 e-con-full e-flex e-con e-child\" data-id=\"4432734\" data-element_type=\"container\" data-settings=\"{&quot;jet_parallax_layout_list&quot;:[]}\">\n\t\t\t\t<div class=\"elementor-element elementor-element-7a4a6fa elementor-icon-list--layout-traditional elementor-list-item-link-full_width elementor-widget elementor-widget-icon-list\" data-id=\"7a4a6fa\" data-element_type=\"widget\" data-widget_type=\"icon-list.default\">\n\t\t\t\t\t\t\t<ul class=\"elementor-icon-list-items\">\n\t\t\t\t\t\t\t<li class=\"elementor-icon-list-item\">\n\t\t\t\t\t\t\t\t\t\t\t<span class=\"elementor-icon-list-icon\">\n\t\t\t\t\t\t\t<svg xmlns=\"http:\/\/www.w3.org\/2000\/svg\" width=\"9\" height=\"9\" viewBox=\"0 0 9 9\" fill=\"none\"><path d=\"M9 8.76876C8.88648 8.3657 8.77666 7.97621 8.66685 7.58672C8.57348 7.2555 8.47847 6.92467 8.38922 6.59225C8.37812 6.55075 8.38511 6.49448 8.40608 6.45696C9.52276 4.46841 8.92144 2.02373 6.99039 0.752303C6.06374 0.142529 5.03261 -0.112475 3.92416 0.0459544C2.06386 0.311733 0.819269 1.33494 0.215895 3.05532C-0.340592 4.64161 0.209724 6.49288 1.50984 7.5959C2.20452 8.18532 3.00409 8.54927 3.91841 8.66261C4.83272 8.77594 5.70426 8.62589 6.52604 8.21885C6.59802 8.18293 6.66094 8.17535 6.73909 8.1957C7.46215 8.38286 8.18604 8.56683 8.90993 8.7516C8.93419 8.75798 8.95887 8.76078 9 8.76876ZM7.92528 7.73837C7.89607 7.73198 7.88168 7.72959 7.86728 7.726C7.46133 7.62304 7.05497 7.52168 6.64984 7.41472C6.55935 7.39078 6.4882 7.39876 6.40429 7.44545C5.31147 8.05722 4.17135 8.14861 3.01231 7.66295C1.40455 6.98932 0.538764 5.40343 0.822971 3.71817C1.09813 2.08678 2.59731 0.803782 4.30461 0.741528C5.24772 0.707208 6.09623 0.967 6.82711 1.54804C7.6715 2.21927 8.13298 3.09203 8.20085 4.14956C8.25144 4.93532 8.04496 5.66282 7.60323 6.32447C7.56416 6.38314 7.55593 6.43382 7.57567 6.50166C7.69372 6.90831 7.80641 7.31615 7.92528 7.73837Z\" fill=\"#DBA958\"><\/path><path d=\"M6.90504 5.21683C6.90385 5.01208 6.76191 4.95879 6.5752 4.94009C6.29691 4.9122 6.01925 4.87428 5.74218 4.83538C5.6451 4.82186 5.56822 4.84256 5.50745 4.91663C5.41374 5.03086 5.31728 5.14292 5.22883 5.26072C5.17229 5.33616 5.10783 5.3553 5.01669 5.33078C4.32594 5.1449 3.76198 4.78199 3.33223 4.22864C3.27355 4.15299 3.26749 4.08182 3.32622 4.005C3.43266 3.86569 3.53434 3.7231 3.64566 3.58747C3.71027 3.50871 3.72349 3.43297 3.6577 3.35793C3.42939 3.09685 3.199 2.83754 2.96446 2.58177C2.93986 2.55484 2.87665 2.53996 2.83838 2.54862C2.51321 2.62325 2.26691 2.7831 2.15687 3.1099C2.02232 3.50879 2.09765 3.87107 2.31267 4.22148C2.85266 5.10097 3.65823 5.66646 4.63109 6.03581C4.98046 6.16861 5.33309 6.29152 5.71577 6.28831C6.17995 6.28416 6.55837 6.11603 6.82866 5.7404C6.94674 5.57672 7.00353 5.41122 6.90504 5.21683Z\" fill=\"#DBA958\"><\/path><\/svg>\t\t\t\t\t\t<\/span>\n\t\t\t\t\t\t\t\t\t\t<span class=\"elementor-icon-list-text\">+ 55 54 333-11225<\/span>\n\t\t\t\t\t\t\t\t\t<\/li>\n\t\t\t\t\t\t\t\t<li class=\"elementor-icon-list-item\">\n\t\t\t\t\t\t\t\t\t\t\t<span class=\"elementor-icon-list-icon\">\n\t\t\t\t\t\t\t<svg xmlns=\"http:\/\/www.w3.org\/2000\/svg\" width=\"9\" height=\"6\" viewBox=\"0 0 9 6\" fill=\"none\"><path d=\"M0.00038147 5.28371C0.0503178 5.40169 0.0823374 5.53115 0.153622 5.63508C0.294283 5.84109 0.510042 5.93208 0.762014 5.94354C0.779168 5.94428 0.795939 5.94391 0.813093 5.94391C3.17461 5.94391 5.53652 5.94391 7.89804 5.94428C8.1664 5.94428 8.39054 5.85551 8.55675 5.64543C8.66463 5.50969 8.71228 5.35324 8.71228 5.18385C8.71304 3.70958 8.71456 2.23494 8.71151 0.760676C8.71075 0.314624 8.37415 0.000981295 7.9068 0.000611434C6.92865 -0.000498149 5.9505 0.000241494 4.97234 0.000241494C3.58593 0.000241494 2.19951 0.000241494 0.813093 0.000241494C0.480308 0.000241494 0.227574 0.134131 0.0777636 0.427061C0.0407867 0.499554 0.0251589 0.582403 0 0.660444C0.000380516 2.20165 0.00038147 3.7425 0.00038147 5.28371ZM7.83247 0.497335C7.81074 0.520636 7.80083 0.532842 7.78939 0.543938C6.83259 1.46748 5.87692 2.39213 4.91821 3.3142C4.58352 3.63598 4.1257 3.63265 3.78949 3.30902C2.83764 2.3925 1.88731 1.47377 0.936603 0.556143C0.920212 0.540609 0.906487 0.522486 0.88514 0.497705C3.20397 0.497335 5.50907 0.497335 7.83247 0.497335ZM7.78177 5.44201C5.50831 5.44201 3.2013 5.44201 0.930121 5.44201C1.63343 4.74593 2.35085 4.03543 3.07893 3.31494C3.20282 3.43773 3.3168 3.55165 3.4323 3.66446C3.66712 3.89414 3.94921 4.02729 4.2839 4.0443C4.67425 4.06428 5.00513 3.9315 5.28035 3.66483C5.39623 3.55239 5.50983 3.4381 5.63372 3.31568C6.36143 4.03617 7.07922 4.74667 7.78177 5.44201ZM8.19651 0.845744C8.19651 2.27267 8.19651 3.67592 8.19651 5.10211C7.46271 4.37644 6.74301 3.66557 6.04046 2.97097C6.74491 2.27637 7.46385 1.56771 8.19651 0.845744ZM0.514235 0.849443C1.2469 1.57141 1.96736 2.28155 2.66114 2.96579C1.95974 3.65965 1.2408 4.37052 0.514235 5.08916C0.514235 3.67444 0.514235 2.2723 0.514235 0.849443Z\" fill=\"#DBA958\"><\/path><\/svg>\t\t\t\t\t\t<\/span>\n\t\t\t\t\t\t\t\t\t\t<span class=\"elementor-icon-list-text\">contato@gruposollucao.com.br<\/span>\n\t\t\t\t\t\t\t\t\t<\/li>\n\t\t\t\t\t\t\t\t<li class=\"elementor-icon-list-item\">\n\t\t\t\t\t\t\t\t\t\t\t<span class=\"elementor-icon-list-icon\">\n\t\t\t\t\t\t\t<svg xmlns=\"http:\/\/www.w3.org\/2000\/svg\" width=\"8\" height=\"10\" viewBox=\"0 0 8 10\" fill=\"none\"><path d=\"M3.6008 9.54746C3.77469 9.49676 3.88715 9.37621 3.98401 9.229C4.75921 8.05039 5.53734 6.87373 6.31416 5.6961C6.64927 5.18819 6.89077 4.64129 7.00258 4.03915C7.09651 3.5332 7.05556 3.03537 6.91352 2.54599C6.7029 1.82004 6.29596 1.22277 5.7031 0.753215C5.26431 0.405514 4.77026 0.169272 4.22031 0.0688612C3.00079 -0.154058 1.93241 0.164073 1.0428 1.02585C0.481466 1.5695 0.152209 2.24281 0.0364981 3.01912C-0.0860391 3.84223 0.106705 4.6049 0.513644 5.30973C0.8299 5.85792 1.19231 6.3798 1.53944 6.9098C2.04682 7.68449 2.56004 8.45496 3.06807 9.22933C3.1646 9.37653 3.27739 9.49676 3.45128 9.54746C3.50134 9.54746 3.55107 9.54746 3.6008 9.54746ZM3.52571 9.15166C3.48769 9.10032 3.45908 9.06457 3.43405 9.02655C2.99559 8.363 2.55582 7.70042 2.11995 7.03491C1.70651 6.40352 1.2882 5.77473 0.890031 5.1336C0.626755 4.70953 0.470415 4.23738 0.428811 3.73922C0.359904 2.91384 0.599778 2.17164 1.1325 1.54383C1.87033 0.674251 2.82169 0.308678 3.95703 0.445808C4.45986 0.506575 4.91685 0.695373 5.32801 0.990107C5.88317 1.38785 6.27158 1.91233 6.48448 2.56126C6.62067 2.9759 6.67462 3.40224 6.61384 3.83866C6.53161 4.43202 6.29661 4.9656 5.9706 5.46148C5.18565 6.65569 4.39647 7.84762 3.60892 9.0402C3.58747 9.07335 3.56179 9.10389 3.52571 9.15166Z\" fill=\"#DBA958\"><\/path><path d=\"M3.52733 5.3904C4.55898 5.38943 5.39496 4.55202 5.39301 3.52127C5.39138 2.49246 4.54728 1.65213 3.5205 1.657C2.49373 1.66188 1.65969 2.49831 1.65937 3.52354C1.65937 4.5543 2.49665 5.39138 3.52733 5.3904ZM3.527 2.071C4.32528 2.07165 4.98314 2.73098 4.98022 3.52744C4.97729 4.32358 4.32658 4.97446 3.53058 4.97674C2.73132 4.97901 2.07476 4.32585 2.07281 3.52647C2.07086 2.72968 2.7297 2.07035 3.527 2.071Z\" fill=\"#DBA958\"><\/path><\/svg>\t\t\t\t\t\t<\/span>\n\t\t\t\t\t\t\t\t\t\t<span class=\"elementor-icon-list-text\">Av. Flores da Cunha, 2455 - P\u00e1dua, <br>Carazinho\/RS | CEP 99500-000<\/span>\n\t\t\t\t\t\t\t\t\t<\/li>\n\t\t\t\t\t\t<\/ul>\n\t\t\t\t\t\t<\/div>\n\t\t\t\t<\/div>\n\t\t\t\t<\/div>\n\t\t\t\t\t<\/div>\n\t\t\t\t<\/div>\n\t\t\t\t<\/div>\n\t\t","protected":false},"excerpt":{"rendered":"<p>Fale conosco Entre em contato com a nossa equipe.\u2028 Sua mensagem \u00e9 importante para n\u00f3s, conte com um atendimento r\u00e1pido, claro e dedicado para o que voc\u00ea precisar. Preencha seus dados no formul\u00e1rio abaixo e entre em contato conosco! Seja para tirar d\u00favidas, enviar sugest\u00f5es ou solicitar suporte, nossa equipe est\u00e1 pronta para atender voc\u00ea [&hellip;]<\/p>\n","protected":false},"author":1,"featured_media":0,"parent":0,"menu_order":0,"comment_status":"closed","ping_status":"closed","template":"elementor_header_footer","meta":{"footnotes":""},"class_list":["post-255","page","type-page","status-publish","hentry"],"_links":{"self":[{"href":"https:\/\/an1-dev.com.br\/solucao\/wp-json\/wp\/v2\/pages\/255","targetHints":{"allow":["GET"]}}],"collection":[{"href":"https:\/\/an1-dev.com.br\/solucao\/wp-json\/wp\/v2\/pages"}],"about":[{"href":"https:\/\/an1-dev.com.br\/solucao\/wp-json\/wp\/v2\/types\/page"}],"author":[{"embeddable":true,"href":"https:\/\/an1-dev.com.br\/solucao\/wp-json\/wp\/v2\/users\/1"}],"replies":[{"embeddable":true,"href":"https:\/\/an1-dev.com.br\/solucao\/wp-json\/wp\/v2\/comments?post=255"}],"version-history":[{"count":70,"href":"https:\/\/an1-dev.com.br\/solucao\/wp-json\/wp\/v2\/pages\/255\/revisions"}],"predecessor-version":[{"id":2215,"href":"https:\/\/an1-dev.com.br\/solucao\/wp-json\/wp\/v2\/pages\/255\/revisions\/2215"}],"wp:attachment":[{"href":"https:\/\/an1-dev.com.br\/solucao\/wp-json\/wp\/v2\/media?parent=255"}],"curies":[{"name":"wp","href":"https:\/\/api.w.org\/{rel}","templated":true}]}}